{"id":91,"date":"2017-06-27T06:47:02","date_gmt":"2017-06-27T08:47:02","guid":{"rendered":"http:\/\/www.lkdp.lt\/?page_id=91"},"modified":"2017-09-14T09:40:42","modified_gmt":"2017-09-14T11:40:42","slug":"tipinis-skyriu-reglamentas","status":"publish","type":"page","link":"http:\/\/www.lkdp.lt\/?page_id=91","title":{"rendered":"Tipinis skyri\u0173 reglamentas"},"content":{"rendered":"<p style=\"text-align: center;\">I. LKD skyriai<\/P><\/p>\n<p style=\"text-align: justify;\">1. LKD pagrindiniai strukt\u016briniai padaliniai yra skyriai, sudaryti teritoriniu principu miestuose, rajonuose, savivaldyb\u0117se bei miestuose esan\u010diose Seimo rinkim\u0173 apygardose. Skyri\u0173 sudaro ne ma\u017eiau kaip devyni LKD nariai.<\/p>\n<p style=\"text-align: justify;\">2. LKD skyriai savo veikloje vadovaujasi Programa, Statutu, skyriaus valdybos reglamentu, Konferencijos, Tarybos, Valdybos, koordinacin\u0117s tarybos dokumentais. Auk\u0161\u010diausias skyriaus organas yra skyriaus susirinkimas, dalyvaujant visiems skyriaus nariams arba konferencija, dalyvaujant kuop\u0173 deleguotiems atstovams. Tarp susirinkim\u0173 arba konferencij\u0173 skyriaus darbui vadovauja skyriaus valdyba.<\/P><\/p>\n<p style=\"text-align: center;\">II. LKD miest\u0173, rajon\u0173, savivaldybi\u0173 skyri\u0173 steigimas ir funkcijos<\/P><\/p>\n<p style=\"text-align: justify;\">3. LKD skyri\u0173 statusas ir pagrindin\u0117s funkcijos nustatytos Statute.<\/p>\n<p style=\"text-align: justify;\">4. Partijos skyri\u0173 steigimo tvarka:<br \/>\n4.1. Sprendim\u0105 steigti LKD skyri\u0173 priima ir skyriaus veiklos teritorij\u0105 nustato Taryba.<br \/>\n4.2. Skyri\u0173 gali steigti ne ma\u017eiau kaip devyni LKD nariai, paprastai gyvenantys tame pa\u010diame administraciniame teritoriniame vienete (mieste, rajone, savivaldyb\u0117je) ar mieste esan\u010dioje Seimo rinkim\u0173 apygardoje.<br \/>\n4.3. Steigiant skyri\u0173, kurio veiklos teritorijoje gyvena ma\u017eiau kaip devyni LKD nariai, tr\u016bkstam\u0105 nari\u0173 skai\u010di\u0173 \u012f LKD priima Valdyba.<br \/>\n4.4. Skyriui steigti rengiamas steigiamasis skyriaus  susirinkimas, \u012f kur\u012f steb\u0117tojo teis\u0117mis kvie\u010diami ir privalo dalyvauti ne ma\u017eiau kaip vienas Valdybos narys. Susirinkime gali dalyvauti LKD r\u0117m\u0117jai, sve\u010diai, spaudos atstovai.<br \/>\n4.5. Susirinkim\u0105 pradeda Valdybos atstovas, kuris supa\u017eindina su skyriaus funkcijomis, darbo ypatumais ir steigiamojo susirinkimo pravedimo tvarka. Po to LKD nariai i\u0161 savo tarpo i\u0161sirenka pos\u0117d\u017eio pirminink\u0105 ir sekretori\u0173. Steigiamajame susirinkime atliekami tokie veiksmai:<br \/>\n4.5.1. Priimamas nutarimas steigti skyri\u0173.<br \/>\n4.5.2. Paprasta bals\u0173 dauguma i\u0161renkamas skyriaus pirmininkas.<br \/>\n4.5.3. Paprasta bals\u0173 dauguma i\u0161renkama skyriaus valdyba, kuri\u0105 sudaro ne ma\u017eiau kaip trys asmenys &#8211; skyriaus pirmininko pavaduotojas, i\u017edininkas ir sekretorius.<br \/>\n4.5.4. Priimamas sprendimas kreiptis \u012f Valdyb\u0105 skyriaus \u012fsteigimui patvirtinti.<br \/>\n4.6. Steigiamojo susirinkimo protokolas sura\u0161omas dviem egzemplioriais. Juos pasira\u0161o pos\u0117d\u017eio pirmininkas ir sekretorius. Valdybos atstovas, pasira\u0161ydamas protokole patvirtina, kad steigiamasis susirinkimas \u012fvyko nepa\u017eeid\u017eiant Statuto ir skyriaus reglamento reikalavim\u0173.<br \/>\n4.7. Vienas steigiamojo susirinkimo protokolo egzempliorius perduodamas Valdybos atstovui, o antrasis lieka skyriuje.<br \/>\n4.8. Valdybos atstovas, dalyvav\u0119s skyriaus steigiamajame susirinkime, artimiausiame Valdybos pos\u0117dyje teikia Valdybai klausim\u0105 d\u0117l skyriaus \u012fsteigimo patvirtinimo.<br \/>\n4.9. Valdyba paprasta bals\u0173 dauguma patvirtina skyriaus \u012fsteigimo protokol\u0105.<br \/>\n4.10. Valdybai patvirtinus skyriaus \u012fsteigim\u0105, jis registruojasi LKD vykdomajame biure<br \/>\n5. Skyriaus veiklos sustabdymo bei nutraukimo tvarka:<br \/>\n5.1. Skyriaus veikla gali b\u016bti sustabdyta Tarybos sprendimu arba Teisingumo ministerijai sustabd\u017eius LKD veikl\u0105..<br \/>\n5.2. Skyriaus veikla nutraukiama, jei Statute numatyta tvarka nutraukiama LKD veikla.<\/P><\/p>\n<p style=\"text-align: center;\">III. LKD skyriaus veiklos kryptys.<\/P><\/p>\n<p style=\"text-align: justify;\">6. LKD skyrius propaguoja Partijos nuostatas bei Program\u0105.<br \/>\n7. Vadovaudamasis Partijos nuostatomis, analizuoja politines, ekonomines, dorovines, socialines, teisines, kult\u016brines ir kitas miesto, rajono, savivaldyb\u0117s problemas ir si\u016blo b\u016bdus joms spr\u0119sti.<br \/>\n8. Vadovaujantis Statutu, Programa, skyriaus reglamentu bei kitais LKD veikl\u0105 reglamentuojan\u010diais dokumentais, parengia ir pasitvirtina savo veiklos plan\u0105. Pagal savo galimybes bei padedant LKD valdybai sprend\u017eia skyriaus finansinius ir \u016bkinius klausimus.<\/P><\/p>\n<p style=\"text-align: center;\">IV. LKD skyriaus susirinkimas arba konferencija.<\/P><\/p>\n<p style=\"text-align: justify;\">9. Auk\u0161\u010diausias skyriaus valdymo organas yra skyriaus susirinkimas (jis teis\u0117tas , jeigu  dalyvauja daugiau kaip pus\u0117 skyriaus nari\u0173 )  arba skyriaus konferencija ( ji teis\u0117ta , jeigu  dalyvauja daugiau kaip pus\u0117 kuop\u0173 deleguot\u0173 atstov\u0173).<br \/>\n10. Skyriaus susirinkim\u0105 arba konferencij\u0105 \u0161aukia skyriaus valdyba ne re\u010diau, kaip kart\u0105 per metus. Apie susirinkimo ar konferencijos darbotvark\u0119, viet\u0105 ir laik\u0105 dalyviams prane\u0161ama ne v\u0117liau kaip prie\u0161 7 dienas. Neeilin\u012f skyriaus susirinkim\u0105 arba konferencij\u0105 turi teis\u0119 su\u0161aukti LKD Valdyba.<br \/>\n11. Skyriaus susirinkimas arba konferencija:<br \/>\n11.1. Priima sprendimus paprasta dalyvaujan\u010di\u0173j\u0173 bals\u0173 dauguma. Skyriaus konferencijos delegatai negali perduoti mandato ar \u012fgalioti kit\u0105 skyriaus nar\u012f u\u017e j\u012f balsuoti.<br \/>\n12. I\u0161klauso bei \u012fvertina skyriaus pirmininko, kontrol\u0117s komisijos ataskaitas.<br \/>\n13. Nustato skyriaus valdybos nari\u0173 bei kontrol\u0117s komisijos nari\u0173 skai\u010di\u0173. Gali priimti sprendim\u0105 \u012f skyriaus valdybos narius be rinkim\u0173 kooptuoti kuop\u0173 pirmininkus.<br \/>\n14. Renka skyriaus pirminink\u0105, skyriaus valdyb\u0105 bei kontrol\u0117s komisij\u0105 dvejiems metams paprasta bals\u0173 dauguma. Skyriaus pirmininkas tampa i\u0161rinktu, jei u\u017e j\u012f balsavo daugiau kaip pus\u0117 susirinkimo arba konferencijos delegat\u0173. Dviems asmenims surinkus po lygiai bals\u0173, rengiamas kitas balsavimo ratas. I\u0161rinkus skyriaus pirminink\u0105, renkama valdyba, po to kontrol\u0117s komisija.<br \/>\n15. Deleguoja skyriaus atstovus \u012f LKD konferencij\u0105.<br \/>\n16. Priima nutarim\u0105 steigti kuopas, sekcijas, specifin\u0117s veiklos grupes.<\/P><\/p>\n<p style=\"text-align: center;\">V. Skyriaus valdyba ir skyriaus pirmininkas.<\/P><\/p>\n<p style=\"text-align: justify;\">17. Skyriaus darb\u0105 organizuoja skyriaus valdyba, kuriai vadovauja skyriaus pirmininkas . Skyriaus pirmininkas yra skyriaus valdybos pirmininkas.<br \/>\n18. Skyriaus valdyba:<br \/>\n18.1. Vykdo Konferencijos, Tarybos, Valdybos, koordinacin\u0117s tarybos ir skyriaus susirinkimo arba konferencijos nutarimus, koordinuoja skyriaus kuop\u0173 veikl\u0105, vykdo LKD nario etikos kodekso prie\u017ei\u016br\u0105.<br \/>\n18.2. Aktyviai dalyvauja miesto, rajono, savivaldyb\u0117s politiniame gyvenime, pagal galimybes palaiko ry\u0161ius su miesto, rajono, savivaldyb\u0117s vald\u017eios institucijomis, \u017einiasklaida, politin\u0117mis ir visuomenin\u0117mis organizacijomis, \u012fmon\u0117mis, \u012f\u017eymiais miesto, rajono, savivaldyb\u0117s  \u017emon\u0117mis.<br \/>\n18.3. Tvirtina skyriaus susirinkimo ar konferencijos viet\u0105, laik\u0105, kuop\u0173 atstovavimo normas, rengia darbotvark\u0117s projekt\u0105. Atstovavimo norma skyriaus konferencijoje: vienas delegatas gali atstovauti ne daugiau kaip penkis kuopos narius.<br \/>\n18.4. Skyriaus valdyba i\u0161 savo nari\u0173 i\u0161renka skyriaus vicepirminink\u0105, i\u017edinink\u0105 ir sekretori\u0173. \u0160ie asmenys tampa i\u0161rinkti, jei u\u017e juos balsavo daugiau kaip pus\u0117 valdybos nari\u0173. Dviems LKD Tarybos nariai, priklausantys tam skyriui ,<br \/>\n18.5. \u012evairiomis formomis bendrauja su gyventojais, periodi\u0161kai organizuoja j\u0173 pri\u0117mimus ir, pagal galimybes, padeda jiems spr\u0119sti problemas.<br \/>\n18.6. Rengia temines konferencijas, min\u0117jimus, seminarus, partijos susitikimus su  visuomene, \u012fmon\u0117mis ir kitus renginius.<br \/>\n18.7. Remdamasi Statutu, bals\u0173 dauguma priima \u012f LKD naujus narius, pl\u0117toja skyri\u0173 steigdama naujas kuopas; ple\u010dia r\u0117m\u0117j\u0173 rat\u0105. Nario nepri\u0117mus, skyriaus valdyba jam pateikia motyvuot\u0105 paai\u0161kinim\u0105. I\u0161 LKD nari\u0173 pa\u0161alint\u0105 asmen\u012f po vieneri\u0173 met\u0173 gali priimti LKD valdyba.<br \/>\n18.8. Tarybai pavedus tvirtina kandidat\u0173 rinkimams \u012f savivaldybi\u0173 tarybas s\u0105ra\u0161\u0105 ir eili\u0161kum\u0105 jame, organizuoja j\u0173 rinkimin\u0119 kampanij\u0105; teikia kandidatus darbui savivaldyb\u0117s institucijose.<br \/>\n18.9. Rekomenduoja LKD valdybai kandidatus \u012f Lietuvos Respublikos Seim\u0105 bei Europos parlament\u0105 ir organizuoja rinkimin\u0119 kampanij\u0105 LKD kandidatui remti.<br \/>\n18.10. Veda skyriaus nari\u0173 bei r\u0117m\u0117j\u0173 apskait\u0105.<br \/>\n18.11. Taiko nuobaudas LKD nariams.<br \/>\n18.12. Vykdydama savo veikl\u0105 palaiko ry\u0161ius su LKD vykdomuoju biuru.<br \/>\n18.13. Skyriaus valdyba u\u017e savo veikl\u0105 atsiskaito savo skyriui, LKD valdybai, Tarybai.<br \/>\n19. Skyriaus pirmininkas:<br \/>\n19.1. Vadovauja skyriaus valdybos darbui, pirmininkauja jos pos\u0117d\u017eiams.<br \/>\n19.2. Yra LKD tarybos narys. Negal\u0117damas dalyvauti Tarybos pos\u0117dyje, jis ra\u0161ti\u0161kai \u012fgalioja naudotis mandatu kit\u0105 skyriaus valdybos nar\u012f.<br \/>\n19.3. Atstovauja LKD skyri\u0173 valstyb\u0117s valdymo ir savivaldybi\u0173 institucijose, oficialiuose renginiuose, vykdo kitas su pareigomis susijusias funkcijas.<\/P><\/p>\n<p style=\"text-align: center;\">VI. Skyriaus kontrol\u0117s komisija (toliau &#8211; SKK)<\/P><\/p>\n<p style=\"text-align: justify;\">20. Skyriaus kontrol\u0117s komisij\u0105 dvej\u0173 met\u0173 laikotarpiui renka skyriaus susirinkimas arba konferencija.<br \/>\n21. SKK sudaro ne ma\u017eiau kaip trys nariai, nesantys skyriaus valdybos nariais. I\u0161imties atveju, steigiant skyri\u0173 ir esant nedaug nari\u0173 \u2013 1 narys .<br \/>\n22. SKK tikrina vis\u0173 skyriaus padalini\u0173 finansin\u0119 ir \u016bkin\u0119 veikl\u0105 ir apie j\u0105 ne re\u010diau kaip kart\u0105 per metus prane\u0161a skyriaus susirinkime ar konferencijoje.<\/P><\/p>\n<p style=\"text-align: center;\">VII. Skyriaus specializuotos veiklos grup\u0117s.<\/P><\/p>\n<p style=\"text-align: justify;\">23. Skyriuje gali b\u016bti steigiamos specializuotos veiklos grup\u0117s, kurioms gali vadovauti tik LKD nariai. Grupi\u0173 strukt\u016br\u0105 skyriai nustato savaranki\u0161kai.<br \/>\n24. Skyriaus grupi\u0173 funkcijos yra analogi\u0161kos LKD specializuotos veiklos grupi\u0173 funkcijoms, kurios pritaikomos miesto, rajono, savivaldyb\u0117s lygmeniui.<br \/>\n25. Skyriaus grupi\u0173 vadovai palaiko ry\u0161ius su atitinkam\u0173 LKD specializuotos veiklos grupi\u0173 pirmininkais, kurie teikia metodin\u0119 bei kitoki\u0105 param\u0105.<\/P><\/p>\n<p style=\"text-align: center;\">VIII. Skyriaus sekcijos.<\/p>\n<p style=\"text-align: justify;\">26. Skyriuje gali b\u016bti steigiamos LKD veikian\u010dios sekcijos.<br \/>\n27. Skyriaus sekcijos veikl\u0105 nustato atitinkamos LKD sekcijos reglamentas.<\/P><\/p>\n<p style=\"text-align: center;\">IX. LKD kuop\u0173 steigimo tvarka bei j\u0173 veikla.<\/P><\/p>\n<p style=\"text-align: justify;\">28. LKD skyri\u0173 kuopos steigiamos skyriaus valdybos nutarimu. Kuopos paprastai formuojamos seni\u016bnij\u0173 arba rinkim\u0173 apylinki\u0173 principu. Kuop\u0105 galima steigti, jei j\u0105 sudaro ne ma\u017eiau kaip trys LKD nariai.<br \/>\n29. Kuopa steigiama tokia pa\u010dia tvarka, kaip ir LKD skyrius. Kuopos steigiamajame susirinkime  dalyvauja skyriaus valdybos atstovas.<br \/>\n30. Kuopos \u012fsteigimas patvirtinamas skyriaus valdybos pos\u0117dyje.<br \/>\n31. Kuop\u0173, kuop\u0173 pirminink\u0173 bei kuop\u0173 valdyb\u0173 funkcijos tapa\u010dios skyri\u0173, skyri\u0173 valdyb\u0173 ir skyri\u0173 pirminink\u0173 funkcijoms, tik kuop\u0173 lygyje.<br \/>\n32. Kuopai, kurioje yra i\u0161rinkta kuopos valdyba, skyriaus reglamente gali b\u016bti suteikta teis\u0117 priimti \u012f LKD naujus narius. Tai vykdoma remiantis Statutu, kuopos valdybos bals\u0173 dauguma.<br \/>\n33. Kuopos turi teis\u0119 steigti specializuotos veiklos grupes bei LKD sekcijas.<br \/>\n34. Kuopos veikla gali b\u016bti sustabdyta skyriaus susirinkimo arba konferencijos sprendimu, Tarybos sprendimu sustabd\u017eius LKD skyriaus veikl\u0105 arba Teisingumo ministerijai sustabd\u017eius LKD veikl\u0105..<br \/>\n35. Kuopos veikla nutraukiama, jei Statute numatyta tvarka nutraukiama LKD veikla.<\/P><\/p>\n<p>LKD pirmininkas                                 Valentinas Stundys<\/p>\n<p>Patvirtinta LKD Tarybos pos\u0117dyje 2005-10-09<\/p>\n","protected":false},"excerpt":{"rendered":"<p>I. LKD skyriai 1. LKD pagrindiniai strukt\u016briniai padaliniai yra skyriai, sudaryti teritoriniu principu miestuose, rajonuose, savivaldyb\u0117se bei miestuose esan\u010diose Seimo rinkim\u0173 apygardose. Skyri\u0173 sudaro ne ma\u017eiau kaip devyni LKD nariai. 2. LKD skyriai savo veikloje vadovaujasi Programa, Statutu, skyriaus valdybos reglamentu, Konferencijos, Tarybos, Valdybos, koordinacin\u0117s tarybos dokumentais. Auk\u0161\u010diausias skyriaus organas yra skyriaus susirinkimas, dalyvaujant visiems [&hellip;]<\/p>\n","protected":false},"author":1,"featured_media":0,"parent":0,"menu_order":0,"comment_status":"closed","ping_status":"closed","template":"","meta":[],"_links":{"self":[{"href":"http:\/\/www.lkdp.lt\/index.php?rest_route=\/wp\/v2\/pages\/91"}],"collection":[{"href":"http:\/\/www.lkdp.lt\/index.php?rest_route=\/wp\/v2\/pages"}],"about":[{"href":"http:\/\/www.lkdp.lt\/index.php?rest_route=\/wp\/v2\/types\/page"}],"author":[{"embeddable":true,"href":"http:\/\/www.lkdp.lt\/index.php?rest_route=\/wp\/v2\/users\/1"}],"replies":[{"embeddable":true,"href":"http:\/\/www.lkdp.lt\/index.php?rest_route=%2Fwp%2Fv2%2Fcomments&post=91"}],"version-history":[{"count":6,"href":"http:\/\/www.lkdp.lt\/index.php?rest_route=\/wp\/v2\/pages\/91\/revisions"}],"predecessor-version":[{"id":128,"href":"http:\/\/www.lkdp.lt\/index.php?rest_route=\/wp\/v2\/pages\/91\/revisions\/128"}],"wp:attachment":[{"href":"http:\/\/www.lkdp.lt\/index.php?rest_route=%2Fwp%2Fv2%2Fmedia&parent=91"}],"curies":[{"name":"wp","href":"https:\/\/api.w.org\/{rel}","templated":true}]}}